- 2*x + 2*j, -3*j = x - 105. Let l be -8 - 1254/(-54) - 4/18. What is the greatest common divisor of x and l?
15
Suppose -12 = 10*z - 14*z. Let q be z + (-4 - (-9)/3). Suppose -f + 19 = 2*x, -4*x - 37 = -5*f + q*f. What is the highest common divisor of f and 15?
15
Let c(t) = 5*t - 61. Let m be 2 + (19 - (-3 + 7)). Let j be c(m). What is the greatest common factor of 56 and j?
8
Suppose -60*b = -13*b - 1504. Calculate the highest common factor of 88 and b.
8
Let f(z) = 152*z**2 + 1. Let q be f(1). Let l = 22 + -5. Calculate the greatest common factor of q and l.
17
Let z(y) be the second derivative of 67*y**3/6 - 37*y**2/2 + 42*y. Let w be z(4). What is the highest common factor of w and 21?
21
Let i be 218/(-109) + ((-74)/(-2) - 2). Calculate the greatest common factor of 297 and i.
33
Let c(a) = 147*a + 20. Let g(l) = -37*l - 5. Let q(z) = -2*c(z) - 9*g(z). Let y be q(1). Calculate the highest common divisor of 4 and y.
4
Suppose -364*f + 346*f = -540. Calculate the greatest common divisor of f and 285.
15
Suppose -u = 5*t + 4*u - 25, -2 = -4*t + 2*u. Let o(x) = 2*x**2 + 4*x - 2. Let y be o(-4). What is the highest common factor of t and y?
2
Let y be (-18)/(-15) + (-3)/(60/4). Let v be (1 + 6/18)/(y/9). Calculate the greatest common factor of 228 and v.
12
Let z = -437 - -512. Calculate the greatest common factor of 525 and z.
75
Let o = -467 + 494. Suppose 0 = 3*v - 8*v + 135. What is the greatest common divisor of v and o?
27
Let z = 8 + 5. Let y be 13 + (-13 - -7) + 12*7. Calculate the highest common factor of y and z.
13
Let o = -8 - -4. Let i(m) = -m**3 - 3*m**2 + 3*m - 1. Let x be i(o). Let c = 12 + x. Calculate the highest common factor of c and 105.
15
Suppose -24*a - 498 = -2178. What is the greatest common divisor of 168 and a?
14
Let w be 1/(-1 - (-65)/64). Let k be 35/(-2)*w/(-40). Calculate the highest common factor of k and 196.
28
Suppose 0 = -17*c + 24*c - 154. Calculate the highest common factor of 22 and c.
22
Let k(d) = -d**3 + 13*d**2 - 14. Let q be k(6). Calculate the highest common divisor of 14 and q.
14
Let s(m) = -17*m + 6. Let c be s(-12). Suppose 11*d - c = 4*d. What is the greatest common divisor of 12 and d?
6
Let o be ((-42)/(-24))/1*(-4)/(-1). Suppose 2*d - o*d = -15. Calculate the highest common factor of 3 and d.
3
Let i = 360 + -284. What is the greatest common divisor of i and 4?
4
Suppose -2*f = -3*d + 117 - 41, 68 = 3*d + 2*f. What is the highest common divisor of 246 and d?
6
Let y(j) = -j**3 - 15*j**2 + 19*j + 64. Let p be y(-16). What is the greatest common factor of 44 and p?
4
Let q = 1886 - 1820. What is the greatest common factor of q and 1221?
33
Suppose k - 44 = -3*k. Suppose 5*m = 5*v - 0 - 25, 0 = m + 3*v - k. Let d be -1 - (m + -46 + 1). What is the highest common divisor of 18 and d?
9
Let s be 107 + 0 - (-3 - 2). What is the greatest common factor of 7 and s?
7
Suppose 0 = 3*y + b - 48, 6*y - 2*y - 3*b = 51. Calculate the highest common divisor of y and 75.
15
Suppose -18 = -3*d + 174. Let j = -13 + 25. Let p be (-164)/(-10) - j/30. What is the greatest common divisor of d and p?
16
Let r = -635 + 675. Calculate the highest common divisor of 88 and r.
8
Let x(j) = j**2 + 3*j + 8. Let f be x(-6). Let q = 126 - -234. Suppose 2*t + s - q = 0, 2*t + 0*t + 3*s - 352 = 0. What is the highest common factor of f and t?
26
Suppose 1060 = 18*m - 164. Calculate the greatest common factor of 2176 and m.
68
Let f(n) = n**3 + 7*n**2 - 27*n - 61. Let s be f(-9). What is the greatest common divisor of s and 260?
20
Let n(y) = -y**3 + 2 - 3*y**2 + 2*y**2 + 6*y + 3 - 1. Let c be n(-3). Suppose -c*f = -3*f - 25. What is the highest common divisor of 10 and f?
5
Let l be 7/(21/24) + 4. Suppose 0*w = -w + l. Calculate the highest common factor of w and 60.
12
Suppose 61 = -3*m - 32. Let w = 45 + m. Calculate the highest common factor of w and 70.
14
Suppose 45 = -3*d - 6*d. Let i be (d - -4 - -22)/((-1)/(-6)). Calculate the highest common divisor of i and 42.
42
Let i(t) = t**3 - 16*t**2 - 33*t - 39. Let z be i(18). Let n(s) = 3*s**2 + 5*s + 5. Let g be n(5). Calculate the greatest common factor of g and z.
15
Let f = -4 - -8. Suppose 0*x + 149 = f*w - x, 0 = -4*w - 5*x + 167. Let t be 3 + w - 1 - -2. What is the greatest common factor of t and 14?
14
Let r(z) = -z**3 - 6*z**2 - 3*z - 1. Let p be r(-3). Let g = 11 + p. Let o be (-8)/g*19/1. What is the greatest common divisor of 152 and o?
19
Let t(f) = 2*f**2 - 21*f + 13. Let q be t(10). Let o be -23*(0 + -3)/q. Calculate the highest common divisor of o and 115.
23
Suppose y + 11 = n + 2, -5*n + 73 = 2*y. What is the highest common factor of 1053 and n?
13
Suppose -3*r - 275 = 2*r. Let l = 120 + r. What is the greatest common divisor of l and 26?
13
Let v(y) = 16*y - 140. Let i be v(9). Suppose -2*p - x + 5 = 0, -11 = p - 5*x + x. Calculate the greatest common divisor of i and p.
1
Let z = 1249 + -1247. Let g(x) = x**3 - 8*x**2 - 7*x - 5. Let y be g(9). Calculate the highest common divisor of y and z.
1
Let u(j) = 5*j + 17. Let m(w) = -9*w - 33. Let b(y) = -4*m(y) - 7*u(y). Let k be b(0). Calculate the greatest common divisor of k and 169.
13
Let t(p) = -p**3 - 2*p**2 + 2*p + 5. Let s be t(0). Let g = s - -12. What is the greatest common divisor of g and 136?
17
Suppose -14*d - 100 = -4*d. Let a(t) = -3*t + 3. Let q be a(d). What is the greatest common factor of q and 44?
11
Let j be (423/(-36) - -11)/(1/(-16)). Calculate the highest common divisor of 2460 and j.
12
Suppose -x = -0*x - 2. Let u be (-24)/(-16) - (-41)/x. Suppose 2*s + 5*t = 474, -5*s + 1704 = -3*t + 488. What is the greatest common factor of s and u?
22
Suppose -842 = 9*c + 211. Let o = c + 181. Calculate the greatest common divisor of 16 and o.
16
Let f(s) = 6*s**2 - 39*s + 8. Let c be f(7). Calculate the highest common divisor of 319 and c.
29
Let r(m) = 2*m**3 - 14*m**2 + 13*m + 4. Let h be r(6). Let c be h/(100/882) + 1/(-5). What is the highest common factor of 11 and c?
11
Suppose -8*w + 3979 - 571 = 0. What is the highest common divisor of 6 and w?
6
Let r(x) = 3*x**2 - 1. Suppose -3*y + 1 + 2 = 0. Let l(a) = a**3 + a**2. Let i be l(y). Let w be r(i). What is the highest common divisor of 44 and w?
11
Let f be (1 - 0)*6/6. Let g be f/2 + 111/2. What is the greatest common factor of 8 and g?
8
Suppose -3*g + 7*g = -8, 0 = -f - 5*g + 150. What is the highest common divisor of 8 and f?
8
Let q be ((-18)/30)/((-3)/30). Let m(p) = 4*p**2 - 4*p + 20. Let o be m(q). Calculate the highest common divisor of o and 35.
35
Let r(i) = 4 - 2*i + i + 3 + i**2. Let p = -22 + 18. Let n be r(p). What is the greatest common divisor of 9 and n?
9
Suppose 2*g - 7*g = -50. Let v(c) = 2*c**2 - 12*c - 12. Let a be v(8). Calculate the highest common divisor of g and a.
10
Suppose -5*n - 32 + 72 = 0. Suppose n*x - 5*x = 528. What is the greatest common divisor of x and 16?
16
Suppose 46*f = 13*f + 6930. What is the greatest common divisor of f and 21?
21
Let b(p) = 3*p - 24. Let l be b(14). Calculate the greatest common factor of 39 and l.
3
Let h(z) = -z**3 + 6*z**2 + 5*z + 90. Let n be h(8). Let l = 121 - 83. What is the greatest common factor of l and n?
2
Let k be (9/((-180)/88))/(2/(-5)). Calculate the highest common factor of 1584 and k.
11
Let t = 27 + -22. Suppose 0 = v - 0*v - t. Suppose 5*l - 50 = -v. What is the greatest common factor of l and 72?
9
Let x = -13 - -12. Let n be 4/3*(14 - x). Suppose 2*z + 69 = 2*t - z, z = 2*t - 63. What is the greatest common factor of t and n?
10
Let p be (-432)/90*(0 - 40). Suppose -3*z + 3*q + 141 = 5*q, 4*q - p = -4*z. What is the greatest common factor of z and 30?
15
Suppose -3*y + 34 = 4*u, -66 = -5*y - 5*u - 1. What is the greatest common factor of y and 1386?
18
Suppose 5*m = -3*t + 201 + 209, 4*t = -5*m + 415. Calculate the highest common divisor of m and 2765.
79
Suppose -5*q = p - 281, -2*p + 0*q = -q - 518. Suppose 44 + 72 = 4*c. Calculate the greatest common factor of c and p.
29
Suppose -8 = 4*s, s + 1036 = 5*b + 3*s. Calculate the highest common divisor of 26 and b.
26
Suppose 0 = -a - 0*a - 3. Let w(z) = -3*z - 29. Let h be w(-14). Let t = a + h. Calculate the highest common divisor of t and 40.
10
Let p = 173 + -127. Calculate the highest common 